ve u(9).
-318
Let g(i) = -i**3 + 31*i**2 + 2*i - 35. Calculate g(31).
27
Let z(h) = -4*h + 241. What is z(61)?
-3
Let a(w) = 6*w**3 - 60*w**2 - 123*w - 1. Determine a(-2).
-43
Let x(i) = 2*i**2 - 15*i - 33. Give x(16).
239
Let o(q) = 2232*q - 17862. What is o(8)?
-6
Let j(l) = 2*l**3 - 14*l**2 + 111*l - 965. Determine j(8).
51
Let b(o) = o**2 - 159*o - 1047. Calculate b(-7).
115
Let z(n) = -n**2 - 499*n + 3028. What is z(6)?
-2
Let n(l) = l**3 - 67*l**2 - 138*l - 22. Calculate n(69).
-22
Let v(u) = 3*u**3 + 31*u**2 + 8*u - 18. Give v(-10).
2
Let s(v) = -3*v**3 - 21*v**2 + 86*v - 47. What is s(-10)?
-7
Let d(x) = x**3 + 37*x**2 - 39*x - 238. What is d(-38)?
-200
Let w(i) = 43*i + 564. Calculate w(-13).
5
Let g(a) = a**3 + 19*a**2 + 17*a + 1244. Calculate g(-21).
5
Let c(r) = -49*r - 2413. What is c(-49)?
-12
Let p(j) = -j**3 - 9*j**2 + 627*j + 53. Give p(21).
-10
Let f(c) = -40*c**2 + 73*c - 5. What is f(2)?
-19
Let k(s) = -95*s + 220. What is k(2)?
30
Let c(g) = g**3 - 22*g**2 - 9*g + 136. Calculate c(23).
458
Let y(f) = -6*f + 400. Calculate y(51).
94
Let k(p) = 5*p**2 - 37*p - 102. What is k(-2)?
-8
Let g(p) = -195*p + 15. Calculate g(0).
15
Let o(t) = -t**2 - 12*t + 25. Give o(0).
25
Let u(n) = -133*n - 14330. Calculate u(-108).
34
Let h(v) = -v**3 - 4*v**2 - 27*v - 107. What is h(-4)?
1
Let a(f) = -4*f - 112. Give a(24).
-208
Let g(n) = -n**3 - 45*n**2 + 92*n - 101. Calculate g(-47).
-7
Let u(z) = -173*z - 4156. Determine u(-24).
-4
Let q(u) = 847*u + 6767. Determine q(-8).
-9
Let v(u) = u**3 + 11*u**2 + 16*u + 28. Calculate v(-10).
-32
Let d(r) = 22*r**3 - 5*r**2 - 5*r - 4. What is d(-3)?
-628
Let k(y) = -6*y + 202. What is k(34)?
-2
Let n(x) = 1269*x - 52083. Determine n(41).
-54
Let v(c) = c**2 + 599*c + 5904. Calculate v(-10).
14
Let u(g) = -g**2 - 421*g + 5161. Calculate u(12).
-35
Let k(f) = f**3 + f**2 - 36*f + 40. Determine k(5).
10
Let y(m) = m**3 + 9*m**2 + 76*m + 264. Give y(-5).
-16
Let l(q) = -q**3 - 21*q**2 - 60*q - 432. Determine l(-19).
-14
Let j(w) = -w**3 - 84*w**2 - 1702*w - 103. What is j(-50)?
-3
Let d(h) = -90*h - 1377. Determine d(-15).
-27
Let d(g) = -g**2 + 19*g + 417. Calculate d(-13).
1
Let t(n) = -401*n - 5269. Determine t(-13).
-56
Let l(t) = 2*t**2 - 15*t + 43. Calculate l(6).
25
Let d(f) = -167*f + 4190. Give d(25).
15
Let b(i) = 3*i**2 + 157*i - 1710. Calculate b(-61).
-124
Let j(r) = -189*r**2 - 158*r - 158. Determine j(-1).
-189
Let q(k) = 26*k - 500. What is q(19)?
-6
Let z(v) = -v**3 + 31*v**2 - 2*v + 115. Calculate z(31).
53
Let b(d) = 8*d**2 - 182*d + 42. What is b(20)?
-398
Let g(n) = n**3 - 62*n**2 + 233*n - 60. Determine g(58).
-2
Let p(v) = 2*v**2 + 13*v - 884. What is p(18)?
-2
Let p(c) = 2*c**3 - 25*c**2 - 554*c + 42. What is p(24)?
-6
Let j(x) = x**2 - 37*x + 197. Give j(8).
-35
Let g(h) = -2*h**3 - 6*h**2 + 77*h + 241. Give g(-6).
-5
Let y(q) = -2*q**2 + 14*q - 42. What is y(4)?
-18
Let b(o) = 4*o - 31. What is b(19)?
45
Let d(p) = -p**3 - 4*p**2 - 110*p - 517. What is d(-5)?
58
Let v(s) = 2*s**3 + 16*s**2 + 35*s + 11. Determine v(-5).
-14
Let c(s) = -s**2 + 70*s - 556. Calculate c(59).
93
Let r(f) = -f**3 - 2*f**2 + 42*f + 141. Give r(-4).
5
Let d(i) = 12*i**2 + 76*i - 5. Determine d(-7).
51
Let v(y) = y**2 - 149*y - 603. Give v(-4).
9
Let s(p) = 5*p**2 - 116*p + 510. Calculate s(6).
-6
Let b(c) = -c**3 - 65*c**2 - 500*c + 219. Calculate b(-56).
-5
Let q(k) = 33*k + 136. What is q(-4)?
4
Let p(q) = -2*q**3 - 20*q**2 - 40*q - 140. What is p(-9)?
58
Let c(i) = 6*i + 81. What is c(-27)?
-81
Let d(h) = -h**3 - 18*h**2 + 11*h - 65. Give d(-19).
87
Let n(a) = -a**2 - 84*a - 1703. Give n(-37).
36
Let g(b) = 2*b**3 + 48*b**2 + 43*b - 45. Determine g(-23).
24
Let i(b) = 4*b**2 + 18*b - 102. Calculate i(-14).
430
Let v(f) = 2*f**2 - 34*f - 16. Give v(13).
-120
Let q(f) = -3*f**3 + 2*f**2 + 2*f - 5. What is q(3)?
-62
Let q(w) = -w**3 - 7*w**2 + 10*w + 30. Determine q(-8).
14
Let n(s) = 1855*s + 12976. Calculate n(-7).
-9
Let y(n) = n**3 + 88*n**2 - 86*n + 249. Calculate y(-89).
-18
Let m(p) = -135*p - 35. Give m(2).
-305
Let s(q) = -51*q - 193. Determine s(-6).
113
Let d(z) = z**3 - 21*z**2 + 13*z + 155. Determine d(20).
15
Let o(j) = -2*j**2 + 127*j + 6. What is o(0)?
6
Let p(w) = w**2 - 2006*w + 45614. Give p(23).
5
Let m(s) = s**2 - 36*s - 38. Calculate m(-2).
38
Let p(f) = 11*f**2 - 1475*f + 135. What is p(134)?
1
Let h(t) = t**2 + 403*t - 65363. Determine h(124).
-15
Let u(c) = -2568*c - 64194. Determine u(-25).
6
Let k(h) = -2*h**2 - 68*h - 204. What is k(-32)?
-76
Let z(y) = 14337*y + 301072. What is z(-21)?
-5
Let r(o) = -2*o**2 - 192*o + 197. Give r(-97).
3
Let t(l) = 2*l**2 + 8*l - 90. Give t(5).
0
Let f(d) = -6300*d - 31505. What is f(-5)?
-5
Let k(y) = -7*y**2 + 31. Give k(3).
-32
Let x(l) = -4500*l + 58494. Calculate x(13).
-6
Let u(h) = 3*h**3 + 14*h**2 - 3*h + 15. Give u(-6).
-111
Let r(t) = -t - 21. Give r(-2).
-19
Let h(p) = -6*p**3 + 2*p**2 + 86*p + 3. Determine h(4).
-5
Let t(f) = f**3 + 2*f**2 - 23*f + 11. Determine t(-6).
5
Let g(x) = -x**2 - 22*x + 5214. Calculate g(-84).
6
Let i(u) = 2*u**2 + 3*u - 44. Determine i(-7).
33
Let n(p) = -11*p**2 + 30*p - 121. Determine n(4).
-177
Let m(o) = 4*o**2 - 224*o - 434. Calculate m(-2).
30
Let b(k) = -k**3 - 25*k**2 + 46*k - 43. Give b(-27).
173
Let q(z) = -6*z**2 - 643*z - 133. What is q(-107)?
-26
Let f(a) = 3*a**2 - 80*a - 10. What is f(27)?
17
Let s(p) = -p**3 - 16*p**2 + 104*p + 1666. What is s(-16)?
2
Let u(l) = 2*l**2 - 43*l + 39. What is u(1)?
-2
Let j(g) = g**3 + 5*g**2 - 146*g - 32. Determine j(10).
8
Let w(z) = 13*z**2 - 42*z + 50. What is w(7)?
393
Let w(o) = 752*o + 85724. What is w(-114)?
-4
Let j(o) = -2*o**2 - 144*o - 805. Give j(-66).
-13
Let c(i) = -i**3 + 41*i**2 - 145*i - 114. Calculate c(37).
-3
Let d(i) = -14*i - 15. Determine d(-9).
111
Let y(d) = 152*d - 3262. Calculate y(22).
82
Let c(a) = 19701*a - 98510. What is c(5)?
-5
Let j(x) = 586*x + 82. Determine j(0).
82
Let j(v) = 5*v**2 - 64*v - 37. What is j(12)?
-85
Let j(m) = -17*m + 667. Determine j(40).
-13
Let q(j) = 51*j + 200. What is q(-4)?
-4
Let v(s) = -30*s - 2. Determine v(4).
-122
Let x(k) = -2*k**2 + 55*k + 242. Calculate x(-4).
-10
Let s(d) = 10*d + 157. Calculate s(-19).
-33
Let y(v) = 59*v - 467. Calculate y(7).
-54
Let o(r) = r**3 + 12*r**2 + 8*r + 13. Calculate o(-7).
202
Let k(b) = 46*b - 595. Determine k(-9).
-1009
Let n(o) = -144*o**3 - 10*o**2 - 4*o - 4. What is n(-1)?
134
Let b(m) = 91*m + 88. Calculate b(-1).
-3
Let p(w) = -42*w - 22. Give p(-1).
20
Let s(y) = 2*y**3 + 9*y**2 - 51*y - 24. Give s(-10).
-614
Let s(r) = 4*r - 339. Give s(44).
-163
Let c(b) = -4*b**2 - 19*b + 80. Determine c(-7).
17
Let b(k) = -5*k**2 + 62*k - 29. What is b(12)?
-5
Let o(h) = -10*h - 166. Determine o(-17).
4
Let y(c) = -8*c**2 - 864*c - 7. Give y(-108).
-7
Let s(m) = 2*m**3 + 376*m**2 - 358*m + 3756. Calculate s(-189).
-24
Let c(y) = -y**3 + 3*y**2 + 107*y - 492. Determine c(5).
-7
Let g(f) = -38*f + 79. What is g(-6)?
307
Let j(z) = -2*z**3 - 79*z**2 - 20*z + 627. Determine j(-39).
-114
Let n(g) = -73*g + 78. Calculate n(1).
5
Let c(h) = 13513*h + 216211. What is c(-16)?
3
Let a(s) = -s**3 + 25*s**2 + 28*s + 21. Determine a(26).
73
Let d(n) = n**2 - 84*n - 2811. Determine d(-26).
49
Let b(k) = 145*k + 9421. Calculate b(-65).
-4
Let x(w) = -w**2 + 1588*w + 15984. Determine x(-10).
4
Let h(f) = -132*f + 4495. Give h(34).
7
Let p(o) = o**3 - 24*o**2 - 24*o - 15. Determine p(25).
10
Let x(a) = 14*a + 326. Give x(-14).
130
Let f(z) = 5*z**2 - 280*z - 3313. Calculate f(-10).
-13
Let y(u) = u**2 + 49*u - 947. Determine y(15).
13
Let d(s) = -18*s + 96. Give d(5).
6
Let y(d) = -6*d**2 - 481*d - 555. Calculate y(-79).
-2
Let g(s) = -53*s + 803. Give g(15).
8
Let z(d) = 1936*d - 27096. Give z(14).
8
Let x(m) = -164*m + 1509. Calculate x(9).
33
Let k(l) = 49*l**3 + 2*l**2 + l - 2. Give k(1).
50
Let n(y) = y**2 + 403*y + 10145. What is n(-27)?
-7
Let a(f) = -f**3 - 20*f**2 + 258*f + 24. Calculate a(9).
-3
Let c(q) = -40*q + 584. Determine c(14).
24
Let f(m) = -44*m - 664. Calculate f(-33).
788
Let d(u) = u**3 - 5*u**2 + u - 9. Give d(5).
-4
Let g(b) = 7*b**3 - 18*b**2 - 20*b. Give g(-1).
-5
Let y(c) = 28*c**3 + 6*c**2 + 10*c - 28. Give y(2).
240
Let x(j) = 106*j**2 + 2084*j -